3. Let o be (-1 + -1)*-2 - 6. Let z be (0/3)/o*-1. Suppose 5*y - 2*g = -7*g - 20, -2*y - 4*g - 10 = z. What is i(y)?
-9
Let p be (-4 - (-638)/(-6))/(7/21). Let s = -327 - p. Let g(w) = 4*w - 4. Determine g(s).
12
Let z(a) be the second derivative of a**5/20 + a**4 + 13*a**3/6 + 12*a**2 + 846*a. Give z(-11).
2
Let k(l) = l + 4. Let i be k(-4). Let n(u) be the first derivative of -u**2/2 + 20*u - 2160. Calculate n(i).
20
Let i(m) = -5*m - 458. Let u(a) = 7*a + 623. Let g(h) = -15*i(h) - 11*u(h). Suppose 2*q - 30 = -6. Determine g(q).
-7
Let f(j) = -j**3 + 6*j**2 - 7*j + 4. Suppose 2*m - 5*l + 8 = -4, 0 = 8*l - 32. Give f(m).
8
Let f be 4/24 + (-376)/(-48). Let m(c) = 2*c - 2. Let u(j) be the third derivative of 5*j**4/24 - j**3 - j**2. Let y(a) = f*m(a) - 3*u(a). Determine y(0).
2
Let m = 25052 - 25052. Let k(c) = -2*c. Give k(m).
0
Let s(v) = v**3 + 15*v**2 + 18*v + 31. Let n(d) = -4*d**2 - 301*d - 600. Let o be n(-2). What is s(o)?
-25
Let z(a) = 3*a**3 - 2*a**2 - a. Let w be (0 - -3)*-1*10/3. Let b be (-316)/10 + 4/w. Let t = b - -31. Determine z(t).
-4
Let y(b) = -b**2 - 21*b - 23. Let i(f) = -2*f**2 - 43*f - 47. Let j(h) = -3*i(h) + 7*y(h). Suppose 5*c + 32*r + 81 = 28*r, -3*c = 3*r + 48. Determine j(c).
-3
Let a(p) = 9*p + 158. Suppose 5*r + 86 = -4*v, 0 = -r + 2*v - 143 + 123. Calculate a(r).
-4
Suppose -5*y + 3*z = 0, -5*y + 3*z + 10 = 2*z. Let i(m) = 406*m - 400*m - y + 0 - 4. What is i(6)?
29
Let s(o) = o**2 + 10*o + 21. Suppose 3*l - 6*r = -4*r - 20, -l + 5*r - 11 = 0. Determine s(l).
-3
Let n(s) = 2*s + 32. Let p be n(-10). Let g(d) = -3*d**2 + 38*d - 12. Give g(p).
12
Suppose -7*b + 6 = -4*b - k, -k - 6 = 5*b. Let p(l) = -l**2 - 8*l + 10. Calculate p(b).
10
Suppose 0 = 5*i + 5*b + 23 + 7, -i = -2*b + 3. Let q(n) = -1 - 5 + 8*n + 787*n**2 - n - 785*n**2 - n. What is q(i)?
14
Let q(r) = r**2 + 6*r - 31. Suppose 5218 = -5*m + 5248. What is q(m)?
41
Let w(p) = -p**3 - 5*p**2 + 2*p - 6. Suppose -6*i = 63 - 813. Suppose i = -10*r - 15*r. What is w(r)?
-16
Let p(v) = 5*v**2 + 4*v - 4*v + 2*v + 0*v**2. Let i be 228/(-190)*5/3. Calculate p(i).
16
Let h = -13982 - -13958. Let n(a) = -5*a - 95. Give n(h).
25
Let p(d) = -d**2 + 5*d - 5. Let n be ((-6)/(-27))/((-4)/(-36)). Let c be 2/((19/(-57))/((-1)/n)). Determine p(c).
1
Let d(r) = -25*r**2 - 22*r - 6. Let y(z) = -21*z**2 - 17*z - 8. Let i(s) = -5*d(s) + 6*y(s). What is i(8)?
-18
Let s(k) = k**3 + 5*k**2 - k + 5. Let h be 11/(-22)*(8 + 2). Give s(h).
10
Let n(y) = -6*y - 7. Let m(w) = w - 1. Let p(g) = 5*m(g) + n(g). Let b(f) = f**2 - f + 49. Let u be b(11). Suppose u*r + 15 = 156*r. Calculate p(r).
-7
Let o(l) = -3 + 0*l + 2 + l. Let j(c) = 18*c - 21. Let x(p) = -p**3 + 31*p**2 - p + 16. Let q be x(31). Let w(z) = q*o(z) + j(z). Give w(5).
9
Let a(h) = 2*h - 7. Let u(k) = 44*k - 22. Let m be u(-15). Let w = -673 - m. Calculate a(w).
11
Let d(g) = -4*g + 4. Let k = -10 - -96. Suppose -10 = 3*u + k. Let h = -36 - u. Calculate d(h).
20
Let j = -244 + 256. Let p(s) = -2*s - j - 3*s + 6*s + 2. What is p(9)?
-1
Suppose 137 - 35 = 17*z. Let s(q) = 3*q - 5. Determine s(z).
13
Let q = -4 - -7. Let a(j) be the second derivative of -j**6/720 - j**5/120 + 5*j**4/2 + 4*j - 9. Let f(c) be the third derivative of a(c). Calculate f(q).
-4
Let u be 972/(-216) + (-75)/(-10). Let p(y) = -3*y**2 - 4*y + 0 + 2 + y**3 + 0*y**3. What is p(u)?
-10
Let k(f) = -53*f**2 + 6311 + f**3 - 6778*f - 6206 + 6776*f. Determine k(53).
-1
Let a be 2/15*3 - (-14819)/1015. Let b(n) = 3*n**2 - 45*n - 6. Let h be b(a). Let y(u) = -u**3 - 7*u**2 - 3*u + 3. Give y(h).
-15
Let a(q) = -q - 1. Let m(c) = 4*c + 8. Let i(s) = -5*a(s) - m(s). Let o = -2152 + 2160. Calculate i(o).
5
Let g(y) = -169 + 80 - 6*y + 97 - y**2 + 20*y. Calculate g(14).
8
Let f(z) be the third derivative of -z**6/120 - 2*z**5/15 - z**4/12 + 11*z**3/6 - 243*z**2 + 6. Let p be (-5 - -2)*40/15. Determine f(p).
27
Let f(r) = -6232 + 3115 + 3140 + 8*r**2 - r**3 + 19*r. Calculate f(10).
13
Let w = -294 + 303. Let h(q) = w + q + 5 - 3*q**2 - 20 + 10. Calculate h(-2).
-10
Let p(a) = 7*a + 6. Let j(d) = 33*d + 27. Let w(g) = -4*j(g) + 19*p(g). Give w(6).
12
Let t(n) be the first derivative of 7*n**2 + 10*n - 1909. What is t(0)?
10
Let m = 59 - 140. Let v be m/(-12) - (-2 - (-14)/8). Let w(s) = 12*s - 17*s + v*s - 1. What is w(-3)?
-7
Suppose -25*v - 46 = -521. Suppose 0 = -h + 2*i + 7, 3*h - v = -i + 5*i. Let p(b) = -b**2 + 3*b + 11. Give p(h).
1
Let p(v) be the third derivative of -v**6/120 - v**5/4 + 17*v**4/24 + 11*v**3/3 - 4232*v**2. Calculate p(-16).
6
Let f(l) = l**2 - 3*l - 3. Let y be f(-2). Let p(k) = 6*k + 2*k - y*k + 2 - 3*k. Calculate p(4).
-6
Let w = 2848 - 2845. Let a be -8*(2 + 30/(-8)). Suppose j + 5*y - a = w*y, -j - 5*y = -26. Let q(b) = -b**3 + 6*b**2 - 4. Calculate q(j).
-4
Let l(g) = -2*g**3 + 27*g**2 - 12*g + 1. Let f = -1229 - -1242. Give l(f).
14
Let w(q) = -q. Let g(z) = 5*z + 10. Let b be 11/(22/18) - (1 + 2). Let l(s) = b*w(s) + g(s). What is l(0)?
10
Suppose -3*k = 2*j - 7, -3*j + 0*k + 7 = k. Suppose 3*c - j*c - 6 = 0. Let m(g) = -9980*g - 9971*g + 19949*g + 1 + 6. What is m(c)?
-5
Let p(c) = -2*c - 14. Let u be p(-5). Suppose 4*q - 4 = t, 3*q + 5*t + 5 = 31. Let a(b) = q*b - 3*b - 4 + 0 + 7. Calculate a(u).
7
Let w(y) = y**2 - 4*y + 3. Let k(t) be the first derivative of -t**3/3 + 5*t**2 - 17*t + 300. Let s be k(3). Give w(s).
3
Let w(k) = -k - 1. Let o be (-2)/4 - (0 - 396/8). Let f = o - 19. Suppose b = x + 4*x + f, 4*x - 4*b + 24 = 0. Give w(x).
5
Let d = -1437059/60 - -23951. Let g(y) be the third derivative of -1 + 1/6*y**3 + d*y**5 + 1/24*y**4 - 39*y**2 - 1/120*y**6 + 0*y. What is g(-1)?
2
Suppose -4*j - j + 30 = 5*g, 0 = -g + j + 4. Let f(q) = -q**2 - 16*q + 17. Let u(t) = -t**2 - 4*t + 1. Let r(d) = f(d) - 2*u(d). Determine r(g).
0
Let n = 4 + 0. Suppose 4*v = -o - 18, -v - 2 + n = -3*o. Let x(t) be the second derivative of -3*t**5/20 - t**4/3 - t**3/6 + t**2 + 466*t. Calculate x(o).
12
Let b(v) = -6*v - 73. Let x(c) = 283*c + 2252. Let m be x(-8). Calculate b(m).
-1
Let r(i) = 4*i - 2. Let a(b) = b + 1. Let h(v) = -5*a(v) + r(v). Let y be 65/(-20)*1*-8. Let t be (-6)/(-9) - y/3. Determine h(t).
1
Let p(o) = -o + 3. Suppose -7*v + 10*v = 3. Let q be (-2)/6*-18 - 4/v. Determine p(q).
1
Let f(y) = y**2 - 8*y. Let d(c) = c**2 - 8*c + 1. Let n(x) = 3*d(x) - 4*f(x). Suppose 108 = 30*w - 102. Calculate n(w).
10
Let z = -11839 - -11853. Let a(d) = 15*d - 214. Give a(z).
-4
Let n(i) = 61 + 6 - 4*i - 4 + 8. Give n(19).
-5
Let a(f) be the second derivative of -5*f**4/12 + f**3/6 + 4*f**2 - 142*f. Give a(-2).
-14
Let k(d) = 2*d**2 - 10*d + 9. Suppose 0 = 4*q - 3*b - 13, 7*q - 3*q + 3*b - 19 = 0. Calculate k(q).
1
Suppose -18*x = -5*x - 26. Let i be 49/(-7) + 2 + (x - 0). Let t(p) = -p**2 - 6*p - 2. Give t(i).
7
Let j(k) = 3*k + 6. Let q(p) = -10*p - 18. Let h be (5 - -9)/(-1) - (0 + 0). Let d be 24/h - (-26)/(-91). Let c(x) = d*q(x) - 7*j(x). What is c(0)?
-6
Let b(k) = 5*k - 107. Let p be b(25). Suppose 0 = -3*q - s - 10, 10*s = q + 5*s - p. Let w(m) = 2*m**2 + 2*m. Determine w(q).
4
Let b(q) = -3435 - 2*q**2 + 3420 - 3*q**2 - 11*q. Let o(n) = -14*n**2 - 33*n - 43. Let z(x) = -11*b(x) + 4*o(x). Calculate z(-10).
3
Let i(j) be the first derivative of j**3/3 - 13*j**2/2 + 29*j - 1808. Give i(5).
-11
Let q = -524 - -537. Suppose 37 = q*l + 63. Let w(m) = m**3 + 3*m**2 + m + 1. Give w(l).
3
Let c(t) = 4*t**2 + 17*t - 9. Let a(h) = 9*h**2 + 37*h - 16. Let x(b) = -3*a(b) + 7*c(b). What is x(-7)?
-22
Let y(t) = 1 - 2 + 6*t - 10 - 11. Let v be y(3). Let k(c) = -c**3 - 3*c**2 + 6*c + 4. Give k(v).
-4
Let y(a) = 62 - 126 - 11*a + 41 + 75. Suppose 15 = 2*w + w. Let u be y(w). Let h(g) = g - 4. What is h(u)?
-7
Let t(y) be the third derivative of -y**5/20 - y**4/12 - 4*y**3/3 + 8*y**2. Let z(s) be the first derivative of t(s). Let q = -717 - -721. Calculate z(q).
-26
Suppose -1067*s - 140 + 463 = -1084*s. Let x(i) = 2*i + 30. Calculate x(s).
-8
Let q(y) = -3*y**2 + 7 + y**2 + 75749*y - 75738*y. Let k(u) = -3*u**2 - 24*u + 6. Let h be k(-8). Calculate q(h).
1
Let q(l) be the second derivative of l**5/20 + 5*l**4/6 + 7*l**3/6 - 6*l**2 - 630*l. What is q(-9)?
6
Suppose 143 = -c - 9. Let u = -155 - c. Let s(g) = -g**3 - 4*g**2 - 5*g - 3. What is s(u)?
3
Let